 + 73 + -40 - -35?
-17
-13 + -95 + -28 + 23 + (0 - -17)
-96
Calculate 19 + (-33 + 8 - (-39 - -1)).
32
Calculate 876 + -811 + (18 - -4).
87
Calculate (64 - 15) + (-20 - -13).
42
Evaluate -3 + -3 - (-27 + -21 + 53 - (5 + -1)).
-7
Calculate 4 - 89 - 4 - (-11 + -4 + 44 + -16).
-102
-2 + 42 - (246 - 194)
-12
Calculate (89 - -4) + -39 + -95.
-41
Calculate 9 - 3 - (25 - (0 + -3 + 3) - -2).
-21
Calculate (9 - 9 - -10 - 22) + 1 + -8.
-19
What is the value of -14 + (-23 - 2 - -16 - -20)?
-3
Calculate 54 + -56 + 34 - (-2 - -19 - 3).
18
(-79 + 57 - -74) + -109
-57
What is the value of (-44 - (7 - 0)) + (18 + (-2 - 7) - 18)?
-60
Calculate (-20149 - -20223) + -1 + -5.
68
Evaluate (-5 - 88) + (-31 - -51) + (-2 - 9).
-84
-29 + 91 - (-14 - -26 - 2)
52
Evaluate (-2 - 0 - 4) + (231 - (296 + -68)).
-3
Calculate 23 - (55 + -1 + -26).
-5
Calculate (-41 - (-47 - -21)) + 6.
-9
9 + (-71 - -14) + (0 - 3 - -13)
-38
What is the value of 109 - (73 - -23) - (41 + (2 - 1))?
-29
Evaluate 60 - (-25 + 4 - -59).
22
Calculate 4 - (-37 + 4) - (476 - 456).
17
Calculate -269 - -386 - (59 - -30).
28
Evaluate -1 - (4 - 1 - (-95 + 128)).
29
What is the value of 508 + -495 - (1 - -18) - -39?
33
Evaluate 21 - (-54 - -48 - -15).
12
Calculate -43 - (-5 - 6 - 86).
54
Evaluate 3 + 24 + (36 - 226) + 64.
-99
64 + (-56 - (59 + -68))
17
Evaluate -19 - (-43 + -20) - 9.
35
What is the value of -12 - (8 - 2 - 4 - -4 - 14) - 63?
-67
Evaluate -8 + -13 + 31 + (2 - ((-81 - -9) + -3)).
87
-6 + (35 - (57 + (49 - 33)))
-44
Evaluate (-24 - -54) + (-6 - 28) + (-6 - (-1 + 0)).
-9
(11 - 16) + 3 + 9 + 43
50
What is 16 + -3 + 0 - (-371 + 408)?
-24
Calculate -45 + (-3 - 13) - (-6 + 6 + -10).
-51
Calculate (59 + -110 - -117) + -20.
46
18 - (4 + 62) - -105
57
Calculate 37 + -41 + (-22 - -63).
37
Evaluate -1 + -4 + -30 + (4 + -14 + 6 - 9).
-48
Evaluate (3 + 13 + -8 - (19 + 2)) + 54.
41
What is the value of 3 - 2 - -5 - (-56 + -17 + 43 + -19)?
55
-16 - -10 - (42 - 32) - (0 - 8) - -57
49
Calculate 33 + (-71 - -28 - -5).
-5
What is (101 - -15) + -32 - 26 - -22?
80
Evaluate -5 + (-20 - -20) - (354 + -263).
-96
Calculate -13 + -25 + -13 + -3 + 2 + 5 + 7.
-40
What is the value of (-2 - (0 + -1) - -29) + 137 + -117 + -21?
27
72 + -5 + (6 - -1) + 0 + -12
62
Evaluate -19 + -2 + (-14 - (29 + -126)) + 2 + 4.
68
2 - (32 - 67) - (-9 - -3)
43
What is the value of -20 + 34 + -26 + 64?
52
Evaluate 15 - ((40 - -2) + 10 + 0) - (6 - -4).
-47
(-1124 - -1168) + (2 - 41)
5
What is -2 + 30 + (-10 - (0 - (-8 + 15)))?
25
Evaluate (1 - 2 - (-72 + 59)) + (0 + 12 - 1).
23
Evaluate -18 + (-86 - -174) + -14.
56
Calculate 26 - (9 + (1 - 1) - (-1131 + 1139)).
25
What is -67 + 121 + -154 - -156?
56
What is the value of 5 + -7 - 14 - (605 + -556)?
-65
Evaluate -3572 + 3617 - ((0 - 1) + -8).
54
218 + -237 - (10 - 5 - 42)
18
Calculate (11 + -5 - -23) + -110 + 14.
-67
(114 - 105) + (-2 - 16) + 24
15
-1323 + 1268 - (-26 + 2)
-31
What is 9 - (-3 + (-8 + 0 - (-1 + -20)))?
-1
Calculate 126 + -67 + -4 - -36.
91
Calculate (4 - (14 + -9)) + -3 + (9 - 11 - 12).
-18
What is the value of 1 - (-11 - -8) - (8 + 4 + 10)?
-18
What is the value of 3 + -21 - ((-18 - 46) + 19)?
27
Calculate 27 - 96 - 29 - -47.
-51
Evaluate 10 + (-8 - 1) + 48 - (1 + 10).
38
Calculate 133 - 101 - -67 - 196.
-97
-49 + 37 + 143 + -41
90
What is the value of -163 - (-13 + -115) - 76?
-111
What is the value of 4 - (8 + 62 - 47)?
-19
Evaluate -33 - (-105 + 74 - (-4 - 0)).
-6
What is 32 - (11 + (-2 - -13 - 13) + -9)?
32
Calculate (15 + -22 - (1 - 13)) + (8 - -35 - -4).
52
Evaluate -180 + 208 - (-2 + -109) - (2 - (-11 + -2)).
124
-3 - (-2 + 22) - 40
-63
What is the value of -1561 - -1604 - (5 - 12)?
50
What is 60 - (75 + 1 + 87)?
-103
-3 + 15 + 1 - (46 - 47 - (26 + 1))
41
What is 17 + -2 + (-2 - (50 - (-18 + 31)))?
-24
What is 12 + (16 - (-23 - -25 - 29))?
55
Evaluate 3 + (-13 + 1 - (-28 - -16)) + 10.
13
-8 + (-68 + -7 + 13 + 6 - (-5 - -14))
-73
Calculate -27 + 35 - ((23 - 9) + -29).
23
7 - -5 - (172 + (-169 - -129))
-120
Evaluate -5 + 39 + -51 + -71 + 151.
63
Calculate -5 + 2 + (2 - -7) + (-116 - (-18 + 10)).
-102
What is the value of (-85 - -77) + -2 + -3 - (-14 + 7)?
-6
Evaluate (18 + -4 - -3) + (-11 - -53) + -36.
23
What is (8 - -2) + (1 - 1) - (56 + (22 - 5))?
-63
Evaluate -149 - (-407 + -125 + 241).
142
Evaluate -6 - 0 - (135 + -19 - (19 + 3)).
-100
Evaluate -37 + -34 + 102 + -40 + 46.
37
-962 + 980 + -1 + -19 + 0
-2
Evaluate 7 + (85 + -43 + -55 - -70).
64
Evaluate -76 - -10 - (-22 - (12 - 29)).
-61
Calculate (14 - (-3 + 9)) + -16 - (6 - -7).
-21
2 - -3 - -51 - ((23 - -3) + -21)
51
Evaluate 35 + 6 + (-9 - (-1 + 16 + -7)) + 17.
41
Calculate 34 - (46 + 0 - (-615 + 630)).
3
What is 74 - ((-3 - -2) + 86 + -42 + -25)?
56
What is 265 + -245 - (4 + -21) - -46?
83
Calculate -7 + (-70 + 65 - (3 + (-37 - -4))).
18
What is the value of -6 - -80 - (35 + -39)?
78
What is 6 + (18 - 49) + 18 - -26?
19
(0 + -1 - -39) + (68 - (-67 + 139)) + 3
37
Calculate 7 - (42 + -12) - (-10 + -1 + 29).
-41
-10 + 16 + -26 - -16 - 27
-31
83 + -1 - -7 - (-4 + -5 + -14 + 11)
101
What is the value of 53 - ((54 - -32) + 56)?
-89
Evaluate -2 + -13 - (37 - (-37 + 73)).
-16
What is 3 - (-3 - (-4 - -1)) - (1657 + -1655)?
1
What is the value of 97 + -146 - ((-1 - -8) + 1 + -17)?
-40
Calculate -496 + 446 - (2 + 13 + -3) - -14.
-48
Calculate 0 + (12 - -2) + -2000 + 2022.
36
0 - -41 - (-837 - -923)
-45
What is the value of (-44 - -43 - -9) + 15?
23
5 - ((2 - 10) + (34 + -3 - (63 + -53)))
-8
What is 6 - 13 - 10 - (-33 - -57)?
-41
Calculate 54 - (27 + (-9 + -11 + -11 - -8)).
50
16 - -2 - ((27 - 19) + -3) - (-73 + -5)
91
-1252 + 1238 + -1 + 34 + (1 - 6)
14
Calculate (24 - (13 + -14 + 19 + -12)) + -7 - -53.
64
10 - ((93 - (29 - 63)) + -16)
-101
Calculate (-31 - (-78 - -30)) + (3 - -1).
21
Calculate 9252 + -9245 - (1 - -1 - -2 - 3 - -9).
-3
Evaluate ((-92 - -99) + (-3 - 1) - -12) + -28.
-13
-23 + 9 + -6 + (-4 - -18)
-6
Evaluate 65 + -63 + (-2 + 0 - (4 + -4)).
0
Evaluate 96 + -7 + -45 - 43.
1
Calculate 100 + -172 + 53 + 2 + 5 + 23.
11
What is the value of (-15 - -26) + 117 + (-5 - 17) + 1?
107
0 - -10 - ((36 - 36) + 5)
5
Calculate (70 - (8 + 142)) + 36.
-44
What is 3 + 0 - (6 + (-4 - -66)) - (13 + -7)?
-71
Calculate -46 + 50 + 78 + (-4 + 3 + -1 - 2).
78
2 - ((120 - 137 - (1 - -8)) + 4)
24
What is the value of -38 - -56 - (-11 + -9 + 10)?
28
Evaluate -19 + 7 + (-3 - -21 - (22 - 6)).
-10
What is the value of -1479 + 1460 + 59 + 2 + 0?
42
Calculate 11 - (48 - (-18 - (9 - 50))).
-14
What is -12 + ((1 - (-5 - 1)) + -10 - -72 - -9)?
66
What is (-9 - -4 - (18 + -10)) + (-30 - -14)?
-29
Evaluate (-1 + 0 - (4 + -110)) + (-56 - (-69 + 13)).
105
1 + 11 + -4 - -22 - -14
44
(-40 - 1) + (452 - 371)
40
What is (-77 - -66 - (7 - (-1 - -2))) + 5 + 4?
-8
What is (-28 - 4) + (0 - (-14 - -6))?
-24
What is the value of 16 + -6 + 0 + (7 + 34 - 7)?
44
What is 66 - (9 - (-16 - (-7 + 10)))?
38
Calculate (58 - 105) + (-3 - (4 - 5)).
-49
What is -4082 + 4011 - (2 + -1)?
-72
Evaluate 30 - (26 - 62) - -17.
83
What is the value of -2 + (-7 - (0 - 7) - (4 - 56 - -3))?
47
What is the value of -2 + 2 - (-16 + (20 + -18 - -21) - -59)?
-66
What is (-9 - -4) + (70 - 48) - (1 + 0)?
16
Calculate (-68 - -52) + (-17 - -2) - 18.
-49
What is the value of -50 - (-17 + (-2 - 38 - -48))?
-41
What is the value of -2 + (1 - (-7 + 1) - (445 - 568))?
128
What is (-12 - -2) + -4090 + 4000?
-100
Calculate -10 - (-17 + 11) - (11 - 5 - 9).
-1
What is the value of -1 + -88 - (864 + -923)?
-30
Evaluate (39 - 26) + -1 - ((-8 - 1) + (-14 - -9)).
26
What is (2 - 42) + (1195 - 1218)?
-63
Calculate 2 + 6 + (-6 - (13 - (-5 - (-13 + 4)))).
-7
6 + (4 - (3 - 8) - 19 - -2)
-2
What is the value of 19 - 64 - (-25 + 19 - (-1 + -12 + -2))?
-54
-35 - -1 - (0 - 5) - 15
-44
Calculate (-6 - (15 - 10)) + (-132 - -88).
-55
Calculate (0 - 16) + 16 - (6 - (-17 + 3 + 0)).
-20
Evaluate (27 - -17) + 48 + -46 - (2 - 2 - -10).
36
What is -44 - (-91 + 26 - -27) - (0 + -11)?
5
What is the value of 10 + -14 - (-17 + 7 + 1 - 1) - -31?
37
Calculate (42 + -57 - 31) + 59 + 84 + 0.
97
What is (-44 - -43) + (9 - 0) + 6 + 1?
15
What is (100 - 71) + -40 + (-31 - 0)?
-42
Calculate 187 - 142 - (70 - 0).
-25
What is the value of -58 + (-29 - -95) + -21?
-13
What is (17 - -1) + 9 + -6 + 11 + -14?
18
What is -11 + 41 + (37 - 17